ist the prime factors of 2923053.
3, 7, 109, 1277
List the prime factors of 32852003.
32852003
List the prime factors of 150722.
2, 11, 13, 17, 31
What are the prime factors of 1532236?
2, 19, 20161
List the prime factors of 508342.
2, 433, 587
What are the prime factors of 1036209?
3, 47, 7349
What are the prime factors of 3911385?
3, 5, 107, 2437
What are the prime factors of 6087873?
3, 11, 31, 541
What are the prime factors of 1051498?
2, 7, 19, 59, 67
List the prime factors of 89589.
3, 29863
What are the prime factors of 2338218?
2, 3, 129901
What are the prime factors of 25225?
5, 1009
What are the prime factors of 16935296?
2, 7, 41, 461
What are the prime factors of 27708?
2, 3, 2309
List the prime factors of 713872.
2, 44617
List the prime factors of 47123.
47123
What are the prime factors of 238922?
2, 67, 1783
What are the prime factors of 3133937?
37, 84701
List the prime factors of 292619.
19, 15401
What are the prime factors of 451328?
2, 41, 43
List the prime factors of 29426.
2, 14713
What are the prime factors of 22214602?
2, 431, 25771
What are the prime factors of 2285649?
3, 229, 1109
What are the prime factors of 322888?
2, 40361
List the prime factors of 10974194.
2, 7, 11, 71261
List the prime factors of 562465.
5, 23, 67, 73
What are the prime factors of 111961?
103, 1087
What are the prime factors of 196007?
7, 28001
What are the prime factors of 118908?
2, 3, 367
List the prime factors of 1421299.
11, 129209
List the prime factors of 1672176.
2, 3, 11, 3167
List the prime factors of 2523829.
7, 11, 73, 449
List the prime factors of 21679.
7, 19, 163
List the prime factors of 2623745.
5, 571, 919
List the prime factors of 2047731.
3, 7, 97511
List the prime factors of 215230.
2, 5, 21523
List the prime factors of 1721702.
2, 151, 5701
List the prime factors of 24367700.
2, 5, 7, 4973
What are the prime factors of 22060049?
11, 2005459
What are the prime factors of 435584?
2, 41, 83
What are the prime factors of 188881?
7, 11, 223
List the prime factors of 397995.
3, 5, 13, 157
What are the prime factors of 5253951?
3, 263, 6659
List the prime factors of 9433872.
2, 3, 7, 191
What are the prime factors of 16183962?
2, 3, 99901
What are the prime factors of 22604905?
5, 449, 10069
List the prime factors of 856138.
2, 29, 509
What are the prime factors of 3317880?
2, 3, 5, 43, 643
List the prime factors of 284869.
13, 17, 1289
List the prime factors of 3044038.
2, 1522019
List the prime factors of 118069.
7, 101, 167
What are the prime factors of 2156064?
2, 3, 37, 607
List the prime factors of 2020924.
2, 505231
List the prime factors of 632147.
632147
What are the prime factors of 31978001?
11, 47, 5623
List the prime factors of 14241266.
2, 13, 547741
List the prime factors of 259856.
2, 109, 149
What are the prime factors of 4069686?
2, 3, 19, 29, 1231
What are the prime factors of 91833?
3, 7, 4373
List the prime factors of 90512.
2, 5657
List the prime factors of 138093.
3, 191, 241
List the prime factors of 175531.
257, 683
What are the prime factors of 482157?
3, 13, 317
List the prime factors of 13058836.
2, 7, 67, 6961
What are the prime factors of 3801859?
271, 14029
List the prime factors of 11080747.
11080747
What are the prime factors of 493155?
3, 5, 13, 281
List the prime factors of 268325.
5, 10733
List the prime factors of 18472137.
3, 353, 17443
What are the prime factors of 284204?
2, 227, 313
What are the prime factors of 4149929?
7, 29, 20443
List the prime factors of 11001480.
2, 3, 5, 7, 1871
List the prime factors of 1521620.
2, 5, 76081
What are the prime factors of 58380?
2, 3, 5, 7, 139
List the prime factors of 2189585.
5, 193, 2269
List the prime factors of 1791100.
2, 5, 17911
What are the prime factors of 13150051?
1669, 7879
List the prime factors of 983938.
2, 491969
What are the prime factors of 1745405?
5, 349081
List the prime factors of 1212998.
2, 19, 137, 233
What are the prime factors of 156240?
2, 3, 5, 7, 31
List the prime factors of 1810905.
3, 5, 23, 29, 181
What are the prime factors of 4742382?
2, 3, 790397
What are the prime factors of 173606?
2, 61, 1423
List the prime factors of 652272.
2, 3, 107, 127
What are the prime factors of 59303?
31, 1913
What are the prime factors of 242931?
3, 13, 6229
What are the prime factors of 1810353?
3, 23, 26237
What are the prime factors of 130184?
2, 16273
What are the prime factors of 2623388?
2, 655847
What are the prime factors of 575281?
7, 82183
List the prime factors of 18459956.
2, 4614989
What are the prime factors of 901512?
2, 3, 19, 659
List the prime factors of 4689151.
4689151
What are the prime factors of 6082859?
61, 99719
What are the prime factors of 99172?
2, 24793
List the prime factors of 18451499.
11, 179, 9371
What are the prime factors of 800114?
2, 7, 67, 853
List the prime factors of 422449.
383, 1103
What are the prime factors of 262138?
2, 53, 2473
List the prime factors of 119198.
2, 107, 557
List the prime factors of 34266.
2, 3, 5711
List the prime factors of 14960628.
2, 3, 53, 7841
What are the prime factors of 850?
2, 5, 17
What are the prime factors of 3363882?
2, 3, 157, 3571
List the prime factors of 127821.
3, 137, 311
What are the prime factors of 574772?
2, 11, 13063
List the prime factors of 672182.
2, 7, 19
What are the prime factors of 699407?
23, 47, 647
What are the prime factors of 338374?
2, 367, 461
What are the prime factors of 3993755?
5, 798751
List the prime factors of 12239399.
73, 167663
List the prime factors of 2182303.
2182303
What are the prime factors of 1616194?
2, 808097
What are the prime factors of 3453489?
3, 13, 9839
List the prime factors of 122326.
2, 31, 1973
What are the prime factors of 823047?
3, 274349
List the prime factors of 28155.
3, 5, 1877
What are the prime factors of 336872?
2, 17, 2477
What are the prime factors of 675800?
2, 5, 31, 109
What are the prime factors of 336886?
2, 11, 15313
List the prime factors of 4007337.
3, 67, 19937
List the prime factors of 20631011.
20631011
What are the prime factors of 17443371?
3, 11, 179, 2953
List the prime factors of 33535.
5, 19, 353
What are the prime factors of 2856?
2, 3, 7, 17
List the prime factors of 124535.
5, 24907
What are the prime factors of 453768?
2, 3, 7, 37, 73
List the prime factors of 966125.
5, 59, 131
What are the prime factors of 1925512?
2, 233, 1033
What are the prime factors of 9054923?
271, 33413
List the prime factors of 6126091.
6126091
What are the prime factors of 1059052?
2, 264763
List the prime factors of 8536567.
13, 17, 19, 107
List the prime factors of 186070.
2, 5, 23, 809
What are the prime factors of 20944657?
47, 445631
What are the prime factors of 11109784?
2, 7, 29, 6841
List the prime factors of 297503.
297503
What are the prime factors of 34051416?
2, 3, 7, 157, 1291
List the prime factors of 1042616.
2, 53, 2459
What are the prime factors of 14371?
7, 2053
What are the prime factors of 133993?
133993
List the prime factors of 549782.
2, 29, 9479
What are the prime factors of 3171832?
2, 396479
What are the prime factors of 938130?
2, 3, 5, 31271
What are the prime factors of 14575431?
3, 13, 503, 743
List the prime factors of 3680068.
2, 7, 131431
What are the prime factors of 2735632?
2, 37, 4621
List the prime factors of 31891960.
2, 5, 149, 5351
What are the prime factors of 12397?
7, 11, 23
What are the prime factors of 6161621?
53, 116257
What are the prime factors of 67251?
3, 29, 773
What are the prime factors of 13152915?
3, 5, 97429
What are the prime factors of 395697?
3, 131899
What are the prime factors of 10512384?
2, 3, 29, 59
What are the prime factors of 1922263?
7, 274609
What are the prime factors of 11786?
2, 71, 83
What are the prime factors of 265370?
2, 5, 7, 17, 223
List the prime factors of 849036.
2, 3, 70753
List the prime factors of 5972393.
7, 59, 14461
What are the prime factors of 14981931?
3, 43, 38713
What are the prime factors of 15939287?
7, 13, 71, 2467
What are the prime factors of 52242?
2, 3, 8707
List the prime factors of 278966.
2, 139483
What are the prime factors of 42155124?
2, 3, 11, 319357
List the prime factors of 9602369.
7, 1371767
List the prime factors of 85704.
2, 3, 3571
List the prime factors of 1193955.
3, 5, 7, 